{"id":26,"date":"2018-05-28T18:47:19","date_gmt":"2018-05-28T16:47:19","guid":{"rendered":"http:\/\/localhost\/2_SANDIG%20Website\/?page_id=26"},"modified":"2026-01-20T15:16:22","modified_gmt":"2026-01-20T14:16:22","slug":"startseite","status":"publish","type":"page","link":"https:\/\/gartenideen-sandig.de\/","title":{"rendered":"Willkommen bei Ideen f\u00fcr ihren Garten Sandig!"},"content":{"rendered":"\n<figure class=\"wp-block-image size-large\"><img loading=\"lazy\" decoding=\"async\" width=\"1024\" height=\"338\" src=\"https:\/\/gartenideen-sandig.de\/wp-content\/uploads\/2026\/01\/Screenshot-2026-01-20-142127-1024x338.png\" alt=\"\" class=\"wp-image-535\" srcset=\"https:\/\/gartenideen-sandig.de\/wp-content\/uploads\/2026\/01\/Screenshot-2026-01-20-142127-1024x338.png 1024w, https:\/\/gartenideen-sandig.de\/wp-content\/uploads\/2026\/01\/Screenshot-2026-01-20-142127-300x99.png 300w, https:\/\/gartenideen-sandig.de\/wp-content\/uploads\/2026\/01\/Screenshot-2026-01-20-142127-768x253.png 768w, https:\/\/gartenideen-sandig.de\/wp-content\/uploads\/2026\/01\/Screenshot-2026-01-20-142127-1536x506.png 1536w, https:\/\/gartenideen-sandig.de\/wp-content\/uploads\/2026\/01\/Screenshot-2026-01-20-142127.png 1875w\" sizes=\"(max-width: 706px) 89vw, (max-width: 767px) 82vw, 740px\" \/><\/figure>\n\n\n\n<div class=\"wp-block-columns is-layout-flex wp-container-core-columns-layout-1 wp-block-columns-is-layout-flex\">\n<div class=\"wp-block-column is-layout-flow wp-block-column-is-layout-flow\">\n<p><strong>Sie m\u00f6chten Ihren Garten ver\u00e4ndern<\/strong>?<br><strong>Dein Bauprojekt braucht eine Gartenplanung?<\/strong><br><strong>Sie w\u00fcnschen sich weniger Arbeit mit Ihrem Garten?<\/strong><br><strong>Du w\u00fcrdest deine Garten am liebsten selbst ver\u00e4ndern, aber die Zeit fehlt?<\/strong><\/p>\n\n\n\n<p><strong>Dann sind Sie bei uns richtig!<\/strong><br>Wir besuchen Sie vor Ort, nehmen Ihre W\u00fcnsche auf und entwickeln daraus mit Fachkenntnis, Erfahrung und ihren individuellen W\u00fcnschen den Garten, der zu Ihnen passt. Sie m\u00f6chten mitarbeiten? Das geht bei uns auch.<\/p>\n\n\n\n<figure class=\"wp-block-image size-large\"><img loading=\"lazy\" decoding=\"async\" width=\"1024\" height=\"329\" src=\"https:\/\/gartenideen-sandig.de\/wp-content\/uploads\/2026\/01\/Screenshot-2026-01-20-150100-1024x329.png\" alt=\"\" class=\"wp-image-536\" srcset=\"https:\/\/gartenideen-sandig.de\/wp-content\/uploads\/2026\/01\/Screenshot-2026-01-20-150100-1024x329.png 1024w, https:\/\/gartenideen-sandig.de\/wp-content\/uploads\/2026\/01\/Screenshot-2026-01-20-150100-300x96.png 300w, https:\/\/gartenideen-sandig.de\/wp-content\/uploads\/2026\/01\/Screenshot-2026-01-20-150100-768x247.png 768w, https:\/\/gartenideen-sandig.de\/wp-content\/uploads\/2026\/01\/Screenshot-2026-01-20-150100-1536x493.png 1536w, https:\/\/gartenideen-sandig.de\/wp-content\/uploads\/2026\/01\/Screenshot-2026-01-20-150100.png 1782w\" sizes=\"(max-width: 706px) 89vw, (max-width: 767px) 82vw, 740px\" \/><\/figure>\n\n\n\n<p><strong>Schauen Sie sich gerne in unserer Bildergalerie in &#8222;Unsere Leistungen&#8220; um.<\/strong><\/p>\n<\/div>\n<\/div>\n\n\n\n<p><strong>Wie bedienen den kompletten Leistungsumfang des Garten- und Landschaftsbaus:<\/strong><br>Gartenplanung, die Anlage von Terrassen, Wegen, Sitzpl\u00e4tzen, Holzterrassen, Beeten und Mauern bis hin zur Gartenpflege. Lassen Sie sich von unseren Leistungen inspirieren und freuen Sie sich auf neue <strong>Ideen f\u00fcr Ihren Garten<\/strong>.<\/p>\n","protected":false},"excerpt":{"rendered":"<p>Sie m\u00f6chten Ihren Garten ver\u00e4ndern?Dein Bauprojekt braucht eine Gartenplanung?Sie w\u00fcnschen sich weniger Arbeit mit Ihrem Garten?Du w\u00fcrdest deine Garten am liebsten selbst ver\u00e4ndern, aber die Zeit fehlt? Dann sind Sie bei uns richtig!Wir besuchen Sie vor Ort, nehmen Ihre W\u00fcnsche auf und entwickeln daraus mit Fachkenntnis, Erfahrung und ihren individuellen W\u00fcnschen den Garten, der zu &hellip; <\/p>\n<p class=\"link-more\"><a href=\"https:\/\/gartenideen-sandig.de\/\" class=\"more-link\"><span class=\"screen-reader-text\">\u201eWillkommen bei Ideen f\u00fcr ihren Garten Sandig!\u201c<\/span> weiterlesen<\/a><\/p>\n","protected":false},"author":1,"featured_media":0,"parent":0,"menu_order":0,"comment_status":"closed","ping_status":"closed","template":"","meta":{"footnotes":""},"yoast_head":"<!-- This site is optimized with the Yoast SEO plugin v22.3 - https:\/\/yoast.com\/wordpress\/plugins\/seo\/ -->\n<title>Willkommen bei Ideen f\u00fcr ihren Garten Sandig! - SANDIG<\/title>\n<meta name=\"description\" content=\"Wenn es um die Neuanlage, eine ansprechende Ver\u00e4nderung oder die Pflege Ihres Gartens geht, sind wir f\u00fcr Sie der richtige Ansprechpartner. Wir besuchen Sie vor Ort, nehmen Ihre W\u00fcnsche auf und entwickeln daraus mit Fachkenntnis, Erfahrung und Einf\u00fchlungsverm\u00f6gen eine Gartenidee, die zu Ihnen passt.\" \/>\n<meta name=\"robots\" content=\"index, follow, max-snippet:-1, max-image-preview:large, max-video-preview:-1\" \/>\n<link rel=\"canonical\" href=\"https:\/\/gartenideen-sandig.de\/\" \/>\n<meta property=\"og:locale\" content=\"de_DE\" \/>\n<meta property=\"og:type\" content=\"article\" \/>\n<meta property=\"og:title\" content=\"Willkommen bei Ideen f\u00fcr ihren Garten Sandig! - SANDIG\" \/>\n<meta property=\"og:description\" content=\"Wenn es um die Neuanlage, eine ansprechende Ver\u00e4nderung oder die Pflege Ihres Gartens geht, sind wir f\u00fcr Sie der richtige Ansprechpartner. Wir besuchen Sie vor Ort, nehmen Ihre W\u00fcnsche auf und entwickeln daraus mit Fachkenntnis, Erfahrung und Einf\u00fchlungsverm\u00f6gen eine Gartenidee, die zu Ihnen passt.\" \/>\n<meta property=\"og:url\" content=\"https:\/\/gartenideen-sandig.de\/\" \/>\n<meta property=\"og:site_name\" content=\"SANDIG\" \/>\n<meta property=\"article:modified_time\" content=\"2026-01-20T14:16:22+00:00\" \/>\n<meta property=\"og:image\" content=\"https:\/\/gartenideen-sandig.de\/wp-content\/uploads\/2026\/01\/Screenshot-2026-01-20-142127-1024x338.png\" \/>\n<meta name=\"twitter:card\" content=\"summary_large_image\" \/>\n<meta name=\"twitter:label1\" content=\"Gesch\u00e4tzte Lesezeit\" \/>\n\t<meta name=\"twitter:data1\" content=\"2\u00a0Minuten\" \/>\n<script type=\"application\/ld+json\" class=\"yoast-schema-graph\">{\"@context\":\"https:\/\/schema.org\",\"@graph\":[{\"@type\":\"WebPage\",\"@id\":\"https:\/\/gartenideen-sandig.de\/\",\"url\":\"https:\/\/gartenideen-sandig.de\/\",\"name\":\"Willkommen bei Ideen f\u00fcr ihren Garten Sandig! - SANDIG\",\"isPartOf\":{\"@id\":\"https:\/\/gartenideen-sandig.de\/#website\"},\"primaryImageOfPage\":{\"@id\":\"https:\/\/gartenideen-sandig.de\/#primaryimage\"},\"image\":{\"@id\":\"https:\/\/gartenideen-sandig.de\/#primaryimage\"},\"thumbnailUrl\":\"https:\/\/gartenideen-sandig.de\/wp-content\/uploads\/2026\/01\/Screenshot-2026-01-20-142127-1024x338.png\",\"datePublished\":\"2018-05-28T16:47:19+00:00\",\"dateModified\":\"2026-01-20T14:16:22+00:00\",\"description\":\"Wenn es um die Neuanlage, eine ansprechende Ver\u00e4nderung oder die Pflege Ihres Gartens geht, sind wir f\u00fcr Sie der richtige Ansprechpartner. Wir besuchen Sie vor Ort, nehmen Ihre W\u00fcnsche auf und entwickeln daraus mit Fachkenntnis, Erfahrung und Einf\u00fchlungsverm\u00f6gen eine Gartenidee, die zu Ihnen passt.\",\"breadcrumb\":{\"@id\":\"https:\/\/gartenideen-sandig.de\/#breadcrumb\"},\"inLanguage\":\"de\",\"potentialAction\":[{\"@type\":\"ReadAction\",\"target\":[\"https:\/\/gartenideen-sandig.de\/\"]}]},{\"@type\":\"ImageObject\",\"inLanguage\":\"de\",\"@id\":\"https:\/\/gartenideen-sandig.de\/#primaryimage\",\"url\":\"https:\/\/gartenideen-sandig.de\/wp-content\/uploads\/2026\/01\/Screenshot-2026-01-20-142127.png\",\"contentUrl\":\"https:\/\/gartenideen-sandig.de\/wp-content\/uploads\/2026\/01\/Screenshot-2026-01-20-142127.png\",\"width\":1875,\"height\":618},{\"@type\":\"BreadcrumbList\",\"@id\":\"https:\/\/gartenideen-sandig.de\/#breadcrumb\",\"itemListElement\":[{\"@type\":\"ListItem\",\"position\":1,\"name\":\"Startseite\",\"item\":\"https:\/\/gartenideen-sandig.de\/\"},{\"@type\":\"ListItem\",\"position\":2,\"name\":\"Willkommen bei Ideen f\u00fcr ihren Garten Sandig!\"}]},{\"@type\":\"WebSite\",\"@id\":\"https:\/\/gartenideen-sandig.de\/#website\",\"url\":\"https:\/\/gartenideen-sandig.de\/\",\"name\":\"SANDIG\",\"description\":\"Ideen f\u00fcr Ihren Garten\",\"publisher\":{\"@id\":\"https:\/\/gartenideen-sandig.de\/#organization\"},\"potentialAction\":[{\"@type\":\"SearchAction\",\"target\":{\"@type\":\"EntryPoint\",\"urlTemplate\":\"https:\/\/gartenideen-sandig.de\/?s={search_term_string}\"},\"query-input\":\"required name=search_term_string\"}],\"inLanguage\":\"de\"},{\"@type\":\"Organization\",\"@id\":\"https:\/\/gartenideen-sandig.de\/#organization\",\"name\":\"Ideen f\u00fcr Ihren Garten Sandig GmbH & Co. KG\",\"url\":\"https:\/\/gartenideen-sandig.de\/\",\"logo\":{\"@type\":\"ImageObject\",\"inLanguage\":\"de\",\"@id\":\"https:\/\/gartenideen-sandig.de\/#\/schema\/logo\/image\/\",\"url\":\"https:\/\/gartenideen-sandig.de\/wp-content\/uploads\/2019\/07\/logo_komp.png\",\"contentUrl\":\"https:\/\/gartenideen-sandig.de\/wp-content\/uploads\/2019\/07\/logo_komp.png\",\"width\":350,\"height\":350,\"caption\":\"Ideen f\u00fcr Ihren Garten Sandig GmbH & Co. KG\"},\"image\":{\"@id\":\"https:\/\/gartenideen-sandig.de\/#\/schema\/logo\/image\/\"}}]}<\/script>\n<!-- \/ Yoast SEO plugin. -->","yoast_head_json":{"title":"Willkommen bei Ideen f\u00fcr ihren Garten Sandig! - SANDIG","description":"Wenn es um die Neuanlage, eine ansprechende Ver\u00e4nderung oder die Pflege Ihres Gartens geht, sind wir f\u00fcr Sie der richtige Ansprechpartner. Wir besuchen Sie vor Ort, nehmen Ihre W\u00fcnsche auf und entwickeln daraus mit Fachkenntnis, Erfahrung und Einf\u00fchlungsverm\u00f6gen eine Gartenidee, die zu Ihnen passt.","robots":{"index":"index","follow":"follow","max-snippet":"max-snippet:-1","max-image-preview":"max-image-preview:large","max-video-preview":"max-video-preview:-1"},"canonical":"https:\/\/gartenideen-sandig.de\/","og_locale":"de_DE","og_type":"article","og_title":"Willkommen bei Ideen f\u00fcr ihren Garten Sandig! - SANDIG","og_description":"Wenn es um die Neuanlage, eine ansprechende Ver\u00e4nderung oder die Pflege Ihres Gartens geht, sind wir f\u00fcr Sie der richtige Ansprechpartner. Wir besuchen Sie vor Ort, nehmen Ihre W\u00fcnsche auf und entwickeln daraus mit Fachkenntnis, Erfahrung und Einf\u00fchlungsverm\u00f6gen eine Gartenidee, die zu Ihnen passt.","og_url":"https:\/\/gartenideen-sandig.de\/","og_site_name":"SANDIG","article_modified_time":"2026-01-20T14:16:22+00:00","og_image":[{"url":"https:\/\/gartenideen-sandig.de\/wp-content\/uploads\/2026\/01\/Screenshot-2026-01-20-142127-1024x338.png"}],"twitter_card":"summary_large_image","twitter_misc":{"Gesch\u00e4tzte Lesezeit":"2\u00a0Minuten"},"schema":{"@context":"https:\/\/schema.org","@graph":[{"@type":"WebPage","@id":"https:\/\/gartenideen-sandig.de\/","url":"https:\/\/gartenideen-sandig.de\/","name":"Willkommen bei Ideen f\u00fcr ihren Garten Sandig! - SANDIG","isPartOf":{"@id":"https:\/\/gartenideen-sandig.de\/#website"},"primaryImageOfPage":{"@id":"https:\/\/gartenideen-sandig.de\/#primaryimage"},"image":{"@id":"https:\/\/gartenideen-sandig.de\/#primaryimage"},"thumbnailUrl":"https:\/\/gartenideen-sandig.de\/wp-content\/uploads\/2026\/01\/Screenshot-2026-01-20-142127-1024x338.png","datePublished":"2018-05-28T16:47:19+00:00","dateModified":"2026-01-20T14:16:22+00:00","description":"Wenn es um die Neuanlage, eine ansprechende Ver\u00e4nderung oder die Pflege Ihres Gartens geht, sind wir f\u00fcr Sie der richtige Ansprechpartner. Wir besuchen Sie vor Ort, nehmen Ihre W\u00fcnsche auf und entwickeln daraus mit Fachkenntnis, Erfahrung und Einf\u00fchlungsverm\u00f6gen eine Gartenidee, die zu Ihnen passt.","breadcrumb":{"@id":"https:\/\/gartenideen-sandig.de\/#breadcrumb"},"inLanguage":"de","potentialAction":[{"@type":"ReadAction","target":["https:\/\/gartenideen-sandig.de\/"]}]},{"@type":"ImageObject","inLanguage":"de","@id":"https:\/\/gartenideen-sandig.de\/#primaryimage","url":"https:\/\/gartenideen-sandig.de\/wp-content\/uploads\/2026\/01\/Screenshot-2026-01-20-142127.png","contentUrl":"https:\/\/gartenideen-sandig.de\/wp-content\/uploads\/2026\/01\/Screenshot-2026-01-20-142127.png","width":1875,"height":618},{"@type":"BreadcrumbList","@id":"https:\/\/gartenideen-sandig.de\/#breadcrumb","itemListElement":[{"@type":"ListItem","position":1,"name":"Startseite","item":"https:\/\/gartenideen-sandig.de\/"},{"@type":"ListItem","position":2,"name":"Willkommen bei Ideen f\u00fcr ihren Garten Sandig!"}]},{"@type":"WebSite","@id":"https:\/\/gartenideen-sandig.de\/#website","url":"https:\/\/gartenideen-sandig.de\/","name":"SANDIG","description":"Ideen f\u00fcr Ihren Garten","publisher":{"@id":"https:\/\/gartenideen-sandig.de\/#organization"},"potentialAction":[{"@type":"SearchAction","target":{"@type":"EntryPoint","urlTemplate":"https:\/\/gartenideen-sandig.de\/?s={search_term_string}"},"query-input":"required name=search_term_string"}],"inLanguage":"de"},{"@type":"Organization","@id":"https:\/\/gartenideen-sandig.de\/#organization","name":"Ideen f\u00fcr Ihren Garten Sandig GmbH & Co. KG","url":"https:\/\/gartenideen-sandig.de\/","logo":{"@type":"ImageObject","inLanguage":"de","@id":"https:\/\/gartenideen-sandig.de\/#\/schema\/logo\/image\/","url":"https:\/\/gartenideen-sandig.de\/wp-content\/uploads\/2019\/07\/logo_komp.png","contentUrl":"https:\/\/gartenideen-sandig.de\/wp-content\/uploads\/2019\/07\/logo_komp.png","width":350,"height":350,"caption":"Ideen f\u00fcr Ihren Garten Sandig GmbH & Co. KG"},"image":{"@id":"https:\/\/gartenideen-sandig.de\/#\/schema\/logo\/image\/"}}]}},"_links":{"self":[{"href":"https:\/\/gartenideen-sandig.de\/index.php\/wp-json\/wp\/v2\/pages\/26"}],"collection":[{"href":"https:\/\/gartenideen-sandig.de\/index.php\/wp-json\/wp\/v2\/pages"}],"about":[{"href":"https:\/\/gartenideen-sandig.de\/index.php\/wp-json\/wp\/v2\/types\/page"}],"author":[{"embeddable":true,"href":"https:\/\/gartenideen-sandig.de\/index.php\/wp-json\/wp\/v2\/users\/1"}],"replies":[{"embeddable":true,"href":"https:\/\/gartenideen-sandig.de\/index.php\/wp-json\/wp\/v2\/comments?post=26"}],"version-history":[{"count":31,"href":"https:\/\/gartenideen-sandig.de\/index.php\/wp-json\/wp\/v2\/pages\/26\/revisions"}],"predecessor-version":[{"id":541,"href":"https:\/\/gartenideen-sandig.de\/index.php\/wp-json\/wp\/v2\/pages\/26\/revisions\/541"}],"wp:attachment":[{"href":"https:\/\/gartenideen-sandig.de\/index.php\/wp-json\/wp\/v2\/media?parent=26"}],"curies":[{"name":"wp","href":"https:\/\/api.w.org\/{rel}","templated":true}]}}