{"id":2,"date":"2018-05-28T17:26:42","date_gmt":"2018-05-28T15:26:42","guid":{"rendered":"http:\/\/localhost\/2_SANDIG%20Website\/?page_id=2"},"modified":"2026-01-20T15:21:40","modified_gmt":"2026-01-20T14:21:40","slug":"jobs","status":"publish","type":"page","link":"https:\/\/gartenideen-sandig.de\/index.php\/jobs\/","title":{"rendered":"Jobs"},"content":{"rendered":"\n<figure class=\"wp-block-image size-large\"><img loading=\"lazy\" decoding=\"async\" width=\"1024\" height=\"680\" src=\"https:\/\/gartenideen-sandig.de\/wp-content\/uploads\/2026\/01\/DSC_5861-Kopie-1024x680.jpg\" alt=\"\" class=\"wp-image-458\" srcset=\"https:\/\/gartenideen-sandig.de\/wp-content\/uploads\/2026\/01\/DSC_5861-Kopie-1024x680.jpg 1024w, https:\/\/gartenideen-sandig.de\/wp-content\/uploads\/2026\/01\/DSC_5861-Kopie-300x199.jpg 300w, https:\/\/gartenideen-sandig.de\/wp-content\/uploads\/2026\/01\/DSC_5861-Kopie-768x510.jpg 768w, https:\/\/gartenideen-sandig.de\/wp-content\/uploads\/2026\/01\/DSC_5861-Kopie-1536x1020.jpg 1536w, https:\/\/gartenideen-sandig.de\/wp-content\/uploads\/2026\/01\/DSC_5861-Kopie-2048x1360.jpg 2048w\" sizes=\"(max-width: 706px) 89vw, (max-width: 767px) 82vw, 740px\" \/><\/figure>\n\n\n<h3 style=\"text-align: left;\"><strong>Du hast Lust auf einen abwechslungsreichen Beruf im GaLaBau? <br \/>Dann bewirb dich bei uns!<\/strong><\/h3>\n<p><strong>Wir suchen freundliche und engagierte Mitarbeitende f\u00fcr unser Team:<\/strong><\/p>\n<ul>\n<li>mit abgeschlossener Ausbildung zur\/m G\u00e4rtner:in (Fachbereich Garten- und Landschaftsbau)<\/li>\n<li>mit Erfahrungen im Gartenbau, Bau oder der Gartenpflege<\/li>\n<li>mit einem freundlichen Auftreten gegen\u00fcber unseren Kund:innen<\/li>\n<\/ul>\n<p><strong>Wir finanzieren regelm\u00e4\u00dfig individuelle Fortbildungen und bieten au\u00dferdem:<\/strong><\/p>\n<ul>\n<li>ganzj\u00e4hrige Besch\u00e4ftigung<\/li>\n<li>ein freundliches und wertsch\u00e4tzendes Betriebsklima<\/li>\n<li>30 Tage Urlaub und eine gute Verg\u00fctung nach dem Gala-Bau-Tarifvertrag<\/li>\n<li>interessante Auftr\u00e4ge, welche die gesamte Bandbreite des Gala-Baus umfassen<\/li>\n<\/ul>\n<p>Wir freuen uns auf deine Bewerbungsunterlagen per Mail (als PDF) an:<\/p>\n<p><strong>Britta Sandig<br \/><\/strong><strong>info@gartenideen-sandig.de<\/strong><\/p>","protected":false},"excerpt":{"rendered":"<p>Du hast Lust auf einen abwechslungsreichen Beruf im GaLaBau? Dann bewirb dich bei uns! Wir suchen freundliche und engagierte Mitarbeitende f\u00fcr unser Team: mit abgeschlossener Ausbildung zur\/m G\u00e4rtner:in (Fachbereich Garten- und Landschaftsbau) mit Erfahrungen im Gartenbau, Bau oder der Gartenpflege mit einem freundlichen Auftreten gegen\u00fcber unseren Kund:innen Wir finanzieren regelm\u00e4\u00dfig individuelle Fortbildungen und bieten au\u00dferdem: &hellip; <\/p>\n<p class=\"link-more\"><a href=\"https:\/\/gartenideen-sandig.de\/index.php\/jobs\/\" class=\"more-link\"><span class=\"screen-reader-text\">\u201eJobs\u201c<\/span> weiterlesen<\/a><\/p>\n","protected":false},"author":1,"featured_media":0,"parent":0,"menu_order":0,"comment_status":"closed","ping_status":"open","template":"","meta":{"footnotes":""},"yoast_head":"<!-- This site is optimized with the Yoast SEO plugin v22.3 - https:\/\/yoast.com\/wordpress\/plugins\/seo\/ -->\n<title>Jobs - SANDIG<\/title>\n<meta name=\"description\" content=\"Wir haben Ihr Interesse geweckt und Sie m\u00f6chten sich bei uns bewerben? Hier finden Sie alle Informationen zur Bewerbung.\" \/>\n<meta name=\"robots\" content=\"index, follow, max-snippet:-1, max-image-preview:large, max-video-preview:-1\" \/>\n<link rel=\"canonical\" href=\"https:\/\/gartenideen-sandig.de\/index.php\/jobs\/\" \/>\n<meta property=\"og:locale\" content=\"de_DE\" \/>\n<meta property=\"og:type\" content=\"article\" \/>\n<meta property=\"og:title\" content=\"Jobs - SANDIG\" \/>\n<meta property=\"og:description\" content=\"Wir haben Ihr Interesse geweckt und Sie m\u00f6chten sich bei uns bewerben? Hier finden Sie alle Informationen zur Bewerbung.\" \/>\n<meta property=\"og:url\" content=\"https:\/\/gartenideen-sandig.de\/index.php\/jobs\/\" \/>\n<meta property=\"og:site_name\" content=\"SANDIG\" \/>\n<meta property=\"article:modified_time\" content=\"2026-01-20T14:21:40+00:00\" \/>\n<meta property=\"og:image\" content=\"https:\/\/gartenideen-sandig.de\/wp-content\/uploads\/2026\/01\/DSC_5861-Kopie-1024x680.jpg\" \/>\n<meta name=\"twitter:card\" content=\"summary_large_image\" \/>\n<meta name=\"twitter:label1\" content=\"Gesch\u00e4tzte Lesezeit\" \/>\n\t<meta name=\"twitter:data1\" content=\"1\u00a0Minute\" \/>\n<script type=\"application\/ld+json\" class=\"yoast-schema-graph\">{\"@context\":\"https:\/\/schema.org\",\"@graph\":[{\"@type\":\"WebPage\",\"@id\":\"https:\/\/gartenideen-sandig.de\/index.php\/jobs\/\",\"url\":\"https:\/\/gartenideen-sandig.de\/index.php\/jobs\/\",\"name\":\"Jobs - SANDIG\",\"isPartOf\":{\"@id\":\"https:\/\/gartenideen-sandig.de\/#website\"},\"primaryImageOfPage\":{\"@id\":\"https:\/\/gartenideen-sandig.de\/index.php\/jobs\/#primaryimage\"},\"image\":{\"@id\":\"https:\/\/gartenideen-sandig.de\/index.php\/jobs\/#primaryimage\"},\"thumbnailUrl\":\"https:\/\/gartenideen-sandig.de\/wp-content\/uploads\/2026\/01\/DSC_5861-Kopie-1024x680.jpg\",\"datePublished\":\"2018-05-28T15:26:42+00:00\",\"dateModified\":\"2026-01-20T14:21:40+00:00\",\"description\":\"Wir haben Ihr Interesse geweckt und Sie m\u00f6chten sich bei uns bewerben? Hier finden Sie alle Informationen zur Bewerbung.\",\"breadcrumb\":{\"@id\":\"https:\/\/gartenideen-sandig.de\/index.php\/jobs\/#breadcrumb\"},\"inLanguage\":\"de\",\"potentialAction\":[{\"@type\":\"ReadAction\",\"target\":[\"https:\/\/gartenideen-sandig.de\/index.php\/jobs\/\"]}]},{\"@type\":\"ImageObject\",\"inLanguage\":\"de\",\"@id\":\"https:\/\/gartenideen-sandig.de\/index.php\/jobs\/#primaryimage\",\"url\":\"https:\/\/gartenideen-sandig.de\/wp-content\/uploads\/2026\/01\/DSC_5861-Kopie-scaled.jpg\",\"contentUrl\":\"https:\/\/gartenideen-sandig.de\/wp-content\/uploads\/2026\/01\/DSC_5861-Kopie-scaled.jpg\",\"width\":2560,\"height\":1700},{\"@type\":\"BreadcrumbList\",\"@id\":\"https:\/\/gartenideen-sandig.de\/index.php\/jobs\/#breadcrumb\",\"itemListElement\":[{\"@type\":\"ListItem\",\"position\":1,\"name\":\"Startseite\",\"item\":\"https:\/\/gartenideen-sandig.de\/\"},{\"@type\":\"ListItem\",\"position\":2,\"name\":\"Jobs\"}]},{\"@type\":\"WebSite\",\"@id\":\"https:\/\/gartenideen-sandig.de\/#website\",\"url\":\"https:\/\/gartenideen-sandig.de\/\",\"name\":\"SANDIG\",\"description\":\"Ideen f\u00fcr Ihren Garten\",\"publisher\":{\"@id\":\"https:\/\/gartenideen-sandig.de\/#organization\"},\"potentialAction\":[{\"@type\":\"SearchAction\",\"target\":{\"@type\":\"EntryPoint\",\"urlTemplate\":\"https:\/\/gartenideen-sandig.de\/?s={search_term_string}\"},\"query-input\":\"required name=search_term_string\"}],\"inLanguage\":\"de\"},{\"@type\":\"Organization\",\"@id\":\"https:\/\/gartenideen-sandig.de\/#organization\",\"name\":\"Ideen f\u00fcr Ihren Garten Sandig GmbH & Co. KG\",\"url\":\"https:\/\/gartenideen-sandig.de\/\",\"logo\":{\"@type\":\"ImageObject\",\"inLanguage\":\"de\",\"@id\":\"https:\/\/gartenideen-sandig.de\/#\/schema\/logo\/image\/\",\"url\":\"https:\/\/gartenideen-sandig.de\/wp-content\/uploads\/2019\/07\/logo_komp.png\",\"contentUrl\":\"https:\/\/gartenideen-sandig.de\/wp-content\/uploads\/2019\/07\/logo_komp.png\",\"width\":350,\"height\":350,\"caption\":\"Ideen f\u00fcr Ihren Garten Sandig GmbH & Co. KG\"},\"image\":{\"@id\":\"https:\/\/gartenideen-sandig.de\/#\/schema\/logo\/image\/\"}}]}<\/script>\n<!-- \/ Yoast SEO plugin. -->","yoast_head_json":{"title":"Jobs - SANDIG","description":"Wir haben Ihr Interesse geweckt und Sie m\u00f6chten sich bei uns bewerben? Hier finden Sie alle Informationen zur Bewerbung.","robots":{"index":"index","follow":"follow","max-snippet":"max-snippet:-1","max-image-preview":"max-image-preview:large","max-video-preview":"max-video-preview:-1"},"canonical":"https:\/\/gartenideen-sandig.de\/index.php\/jobs\/","og_locale":"de_DE","og_type":"article","og_title":"Jobs - SANDIG","og_description":"Wir haben Ihr Interesse geweckt und Sie m\u00f6chten sich bei uns bewerben? Hier finden Sie alle Informationen zur Bewerbung.","og_url":"https:\/\/gartenideen-sandig.de\/index.php\/jobs\/","og_site_name":"SANDIG","article_modified_time":"2026-01-20T14:21:40+00:00","og_image":[{"url":"https:\/\/gartenideen-sandig.de\/wp-content\/uploads\/2026\/01\/DSC_5861-Kopie-1024x680.jpg"}],"twitter_card":"summary_large_image","twitter_misc":{"Gesch\u00e4tzte Lesezeit":"1\u00a0Minute"},"schema":{"@context":"https:\/\/schema.org","@graph":[{"@type":"WebPage","@id":"https:\/\/gartenideen-sandig.de\/index.php\/jobs\/","url":"https:\/\/gartenideen-sandig.de\/index.php\/jobs\/","name":"Jobs - SANDIG","isPartOf":{"@id":"https:\/\/gartenideen-sandig.de\/#website"},"primaryImageOfPage":{"@id":"https:\/\/gartenideen-sandig.de\/index.php\/jobs\/#primaryimage"},"image":{"@id":"https:\/\/gartenideen-sandig.de\/index.php\/jobs\/#primaryimage"},"thumbnailUrl":"https:\/\/gartenideen-sandig.de\/wp-content\/uploads\/2026\/01\/DSC_5861-Kopie-1024x680.jpg","datePublished":"2018-05-28T15:26:42+00:00","dateModified":"2026-01-20T14:21:40+00:00","description":"Wir haben Ihr Interesse geweckt und Sie m\u00f6chten sich bei uns bewerben? Hier finden Sie alle Informationen zur Bewerbung.","breadcrumb":{"@id":"https:\/\/gartenideen-sandig.de\/index.php\/jobs\/#breadcrumb"},"inLanguage":"de","potentialAction":[{"@type":"ReadAction","target":["https:\/\/gartenideen-sandig.de\/index.php\/jobs\/"]}]},{"@type":"ImageObject","inLanguage":"de","@id":"https:\/\/gartenideen-sandig.de\/index.php\/jobs\/#primaryimage","url":"https:\/\/gartenideen-sandig.de\/wp-content\/uploads\/2026\/01\/DSC_5861-Kopie-scaled.jpg","contentUrl":"https:\/\/gartenideen-sandig.de\/wp-content\/uploads\/2026\/01\/DSC_5861-Kopie-scaled.jpg","width":2560,"height":1700},{"@type":"BreadcrumbList","@id":"https:\/\/gartenideen-sandig.de\/index.php\/jobs\/#breadcrumb","itemListElement":[{"@type":"ListItem","position":1,"name":"Startseite","item":"https:\/\/gartenideen-sandig.de\/"},{"@type":"ListItem","position":2,"name":"Jobs"}]},{"@type":"WebSite","@id":"https:\/\/gartenideen-sandig.de\/#website","url":"https:\/\/gartenideen-sandig.de\/","name":"SANDIG","description":"Ideen f\u00fcr Ihren Garten","publisher":{"@id":"https:\/\/gartenideen-sandig.de\/#organization"},"potentialAction":[{"@type":"SearchAction","target":{"@type":"EntryPoint","urlTemplate":"https:\/\/gartenideen-sandig.de\/?s={search_term_string}"},"query-input":"required name=search_term_string"}],"inLanguage":"de"},{"@type":"Organization","@id":"https:\/\/gartenideen-sandig.de\/#organization","name":"Ideen f\u00fcr Ihren Garten Sandig GmbH & Co. KG","url":"https:\/\/gartenideen-sandig.de\/","logo":{"@type":"ImageObject","inLanguage":"de","@id":"https:\/\/gartenideen-sandig.de\/#\/schema\/logo\/image\/","url":"https:\/\/gartenideen-sandig.de\/wp-content\/uploads\/2019\/07\/logo_komp.png","contentUrl":"https:\/\/gartenideen-sandig.de\/wp-content\/uploads\/2019\/07\/logo_komp.png","width":350,"height":350,"caption":"Ideen f\u00fcr Ihren Garten Sandig GmbH & Co. KG"},"image":{"@id":"https:\/\/gartenideen-sandig.de\/#\/schema\/logo\/image\/"}}]}},"_links":{"self":[{"href":"https:\/\/gartenideen-sandig.de\/index.php\/wp-json\/wp\/v2\/pages\/2"}],"collection":[{"href":"https:\/\/gartenideen-sandig.de\/index.php\/wp-json\/wp\/v2\/pages"}],"about":[{"href":"https:\/\/gartenideen-sandig.de\/index.php\/wp-json\/wp\/v2\/types\/page"}],"author":[{"embeddable":true,"href":"https:\/\/gartenideen-sandig.de\/index.php\/wp-json\/wp\/v2\/users\/1"}],"replies":[{"embeddable":true,"href":"https:\/\/gartenideen-sandig.de\/index.php\/wp-json\/wp\/v2\/comments?post=2"}],"version-history":[{"count":31,"href":"https:\/\/gartenideen-sandig.de\/index.php\/wp-json\/wp\/v2\/pages\/2\/revisions"}],"predecessor-version":[{"id":545,"href":"https:\/\/gartenideen-sandig.de\/index.php\/wp-json\/wp\/v2\/pages\/2\/revisions\/545"}],"wp:attachment":[{"href":"https:\/\/gartenideen-sandig.de\/index.php\/wp-json\/wp\/v2\/media?parent=2"}],"curies":[{"name":"wp","href":"https:\/\/api.w.org\/{rel}","templated":true}]}}